{"id":135,"date":"2025-12-27T10:36:42","date_gmt":"2025-12-27T10:36:42","guid":{"rendered":"https:\/\/osteriapitastorta.it\/?page_id=135"},"modified":"2026-01-06T17:04:49","modified_gmt":"2026-01-06T17:04:49","slug":"chi-siamo","status":"publish","type":"page","link":"http:\/\/osteriapitastorta.it\/?page_id=135","title":{"rendered":"Chi siamo"},"content":{"rendered":"\t\t<div data-elementor-type=\"wp-page\" data-elementor-id=\"135\" class=\"elementor elementor-135\" data-elementor-post-type=\"page\">\n\t\t\t\t<div class=\"elementor-element elementor-element-44192f4 e-con-full e-flex e-con e-parent\" data-id=\"44192f4\" data-element_type=\"container\">\n\t\t<div class=\"elementor-element elementor-element-f26d7d6 e-con-full e-flex e-con e-child\" data-id=\"f26d7d6\" data-element_type=\"container\">\n\t\t\t\t<div class=\"elementor-element elementor-element-c0a5baf elementor-widget elementor-widget-image\" data-id=\"c0a5baf\" data-element_type=\"widget\" data-widget_type=\"image.default\">\n\t\t\t\t\t\t\t\t\t\t\t\t\t\t\t<img fetchpriority=\"high\" decoding=\"async\" width=\"650\" height=\"807\" src=\"https:\/\/osteriapitastorta.it\/wp-content\/uploads\/2025\/12\/Marco-e-Cristina.jpg\" class=\"attachment-large size-large wp-image-137\" alt=\"\" srcset=\"https:\/\/osteriapitastorta.it\/wp-content\/uploads\/2025\/12\/Marco-e-Cristina.jpg 650w, https:\/\/osteriapitastorta.it\/wp-content\/uploads\/2025\/12\/Marco-e-Cristina-242x300.jpg 242w\" sizes=\"(max-width: 650px) 100vw, 650px\" \/>\t\t\t\t\t\t\t\t\t\t\t\t\t\t\t<\/div>\n\t\t\t\t<\/div>\n\t\t<div class=\"elementor-element elementor-element-11d1c2d e-con-full e-flex e-con e-child\" data-id=\"11d1c2d\" data-element_type=\"container\">\n\t\t<div class=\"elementor-element elementor-element-e67c5f9 e-con-full e-flex e-con e-child\" data-id=\"e67c5f9\" data-element_type=\"container\">\n\t\t\t\t<div class=\"elementor-element elementor-element-d3ade3a elementor-widget elementor-widget-heading\" data-id=\"d3ade3a\" data-element_type=\"widget\" data-widget_type=\"heading.default\">\n\t\t\t\t\t<h2 class=\"elementor-heading-title elementor-size-default\">Chi siamo<\/h2>\t\t\t\t<\/div>\n\t\t\t\t<\/div>\n\t\t<div class=\"elementor-element elementor-element-1c103c6 e-con-full e-flex e-con e-child\" data-id=\"1c103c6\" data-element_type=\"container\">\n\t\t\t\t<div class=\"elementor-element elementor-element-cb1f345 elementor-widget elementor-widget-text-editor\" data-id=\"cb1f345\" data-element_type=\"widget\" data-widget_type=\"text-editor.default\">\n\t\t\t\t\t\t\t\t\t<p>Ciao, siamo Marco e Cristina, due persone appassionate della vita e della ristorazione.<\/p><p>Abbiamo deciso di aggiungere un nuovo capitolo della nostra vita e con gioia vi presentiamo la nostra idea di Osteria, fatta di semplicit\u00e0, genuinit\u00e0, qualit\u00e0,\u00a0 sapori della tradizione e sopratutto empatia e socialit\u00e0 con i nostri ospiti.<\/p><p>Marco \u00e8 un ottimo cuoco che proviene da una esperienza decennale da una precedente attivit\u00e0 ristorativa e Cristina arriva da una lunga esperienza come gestrice di un rifugio di Media montagna che le ha dato enormi soddisfazioni a livello umano e di rapporti con gli avventori.<\/p><p>Vi aspettiamo per condividere insieme momenti speciali in un ambiente a dimensione umana, intimo e caldo.<\/p>\t\t\t\t\t\t\t\t<\/div>\n\t\t\t\t<\/div>\n\t\t\t\t<\/div>\n\t\t\t\t<\/div>\n\t\t<div class=\"elementor-element elementor-element-ae7ab2d e-flex e-con-boxed e-con e-parent\" data-id=\"ae7ab2d\" data-element_type=\"container\">\n\t\t\t\t\t<div class=\"e-con-inner\">\n\t\t\t\t<div class=\"elementor-element elementor-element-2986f6f elementor-widget elementor-widget-spacer\" data-id=\"2986f6f\" data-element_type=\"widget\" data-widget_type=\"spacer.default\">\n\t\t\t\t\t\t\t<div class=\"elementor-spacer\">\n\t\t\t<div class=\"elementor-spacer-inner\"><\/div>\n\t\t<\/div>\n\t\t\t\t\t\t<\/div>\n\t\t\t\t\t<\/div>\n\t\t\t\t<\/div>\n\t\t\t\t<\/div>\n\t\t","protected":false},"excerpt":{"rendered":"<p>Chi siamo Ciao, siamo Marco e Cristina, due persone appassionate della vita e della ristorazione. Abbiamo deciso di aggiungere un nuovo capitolo della nostra vita e con gioia vi presentiamo la nostra idea di Osteria, fatta di semplicit\u00e0, genuinit\u00e0, qualit\u00e0,\u00a0 sapori della tradizione e sopratutto empatia e socialit\u00e0 con i nostri ospiti. Marco \u00e8 un [&hellip;]<\/p>\n","protected":false},"author":1,"featured_media":137,"parent":0,"menu_order":0,"comment_status":"closed","ping_status":"closed","template":"","meta":{"footnotes":""},"class_list":["post-135","page","type-page","status-publish","has-post-thumbnail","hentry"],"_links":{"self":[{"href":"http:\/\/osteriapitastorta.it\/index.php?rest_route=\/wp\/v2\/pages\/135","targetHints":{"allow":["GET"]}}],"collection":[{"href":"http:\/\/osteriapitastorta.it\/index.php?rest_route=\/wp\/v2\/pages"}],"about":[{"href":"http:\/\/osteriapitastorta.it\/index.php?rest_route=\/wp\/v2\/types\/page"}],"author":[{"embeddable":true,"href":"http:\/\/osteriapitastorta.it\/index.php?rest_route=\/wp\/v2\/users\/1"}],"replies":[{"embeddable":true,"href":"http:\/\/osteriapitastorta.it\/index.php?rest_route=%2Fwp%2Fv2%2Fcomments&post=135"}],"version-history":[{"count":25,"href":"http:\/\/osteriapitastorta.it\/index.php?rest_route=\/wp\/v2\/pages\/135\/revisions"}],"predecessor-version":[{"id":459,"href":"http:\/\/osteriapitastorta.it\/index.php?rest_route=\/wp\/v2\/pages\/135\/revisions\/459"}],"wp:featuredmedia":[{"embeddable":true,"href":"http:\/\/osteriapitastorta.it\/index.php?rest_route=\/wp\/v2\/media\/137"}],"wp:attachment":[{"href":"http:\/\/osteriapitastorta.it\/index.php?rest_route=%2Fwp%2Fv2%2Fmedia&parent=135"}],"curies":[{"name":"wp","href":"https:\/\/api.w.org\/{rel}","templated":true}]}}